{"id":93,"date":"2023-01-31T18:28:59","date_gmt":"2023-01-31T17:28:59","guid":{"rendered":"http:\/\/codep84.com\/?page_id=93"},"modified":"2025-02-06T05:48:27","modified_gmt":"2025-02-06T04:48:27","slug":"contacts","status":"publish","type":"page","link":"https:\/\/codep84.com\/?page_id=93","title":{"rendered":"Contacts"},"content":{"rendered":"<div id=\"comp-kbtwwb4v\" class=\"BaOVQ8 tz5f0K comp-kbtwwb4v\" data-testid=\"richTextElement\">\n<h1 class=\"font_0\" style=\"text-align: center;\"><span style=\"color: #ff0000;\">\u00c9crire au Comit\u00e9 Vaucluse<\/span><\/h1>\n<\/div>\n<div id=\"comp-kbtwnpe4\" class=\"BaOVQ8 tz5f0K comp-kbtwnpe4\" data-testid=\"richTextElement\">\n<h2 class=\"font_2\"><span style=\"color: #000000;\">Bureau<\/span><\/h2>\n<ul class=\"font_8\">\n<li>\n<p class=\"font_8\"><a href=\"mailto:president@codep84.fr?subject=Contact%20site%20CODEP84\" target=\"_self\" rel=\"noopener\">Pr\u00e9sident<\/a><\/p>\n<\/li>\n<li>\n<p class=\"font_8\"><a href=\"mailto:secretaire@codep84.fr?subject=Contact%20site%20CODEP84\" target=\"_self\" rel=\"noopener\">Secr\u00e9taire<\/a><\/p>\n<\/li>\n<li>\n<p class=\"font_8\"><a href=\"mailto:philbob@wanadoo.fr?subject=Contact%20site%20Codep84.com\" target=\"_self\" rel=\"noopener\">Tr\u00e9sorier<\/a><\/p>\n<\/li>\n<\/ul>\n<h3 class=\"font_3\">Webmaster<\/h3>\n<ul class=\"font_8\">\n<li>\n<p class=\"font_8\"><a href=\"mailto:contact@codep84.fr?subject=Contact%20site%20CODEP84%20-%20WEBMASTER\" target=\"_self\" rel=\"noopener\">Webmaster<\/a><\/p>\n<\/li>\n<\/ul>\n<\/div>\n","protected":false},"excerpt":{"rendered":"<div class=\"mh-excerpt\"><p>\u00c9crire au Comit\u00e9 Vaucluse Bureau Pr\u00e9sident Secr\u00e9taire Tr\u00e9sorier Webmaster Webmaster<\/p>\n<\/div>","protected":false},"author":1,"featured_media":0,"parent":0,"menu_order":0,"comment_status":"closed","ping_status":"closed","template":"","meta":{"footnotes":""},"class_list":["post-93","page","type-page","status-publish","hentry"],"_links":{"self":[{"href":"https:\/\/codep84.com\/index.php?rest_route=\/wp\/v2\/pages\/93","targetHints":{"allow":["GET"]}}],"collection":[{"href":"https:\/\/codep84.com\/index.php?rest_route=\/wp\/v2\/pages"}],"about":[{"href":"https:\/\/codep84.com\/index.php?rest_route=\/wp\/v2\/types\/page"}],"author":[{"embeddable":true,"href":"https:\/\/codep84.com\/index.php?rest_route=\/wp\/v2\/users\/1"}],"replies":[{"embeddable":true,"href":"https:\/\/codep84.com\/index.php?rest_route=%2Fwp%2Fv2%2Fcomments&post=93"}],"version-history":[{"count":4,"href":"https:\/\/codep84.com\/index.php?rest_route=\/wp\/v2\/pages\/93\/revisions"}],"predecessor-version":[{"id":479,"href":"https:\/\/codep84.com\/index.php?rest_route=\/wp\/v2\/pages\/93\/revisions\/479"}],"wp:attachment":[{"href":"https:\/\/codep84.com\/index.php?rest_route=%2Fwp%2Fv2%2Fmedia&parent=93"}],"curies":[{"name":"wp","href":"https:\/\/api.w.org\/{rel}","templated":true}]}}